2 = -5*l. What is the tens digit of l*(-15)/(-27)*-3?
5
Let b(u) = -u**2 + 14*u + 12. Let k be b(15). What is the hundreds digit of (-5 + (-279)/6)*(1 + k)?
1
Let o = -666 + -215. Let k = 237 - o. What is the hundreds digit of k?
1
Let v(r) = -20*r**2 + 7*r - 3. Let s be v(-6). Let o = -154 - s. Let a = o + -324. What is the units digit of a?
7
Let r(b) = -74*b - 551. What is the tens digit of r(-62)?
3
What is the thousands digit of 75*(-4)/(-6)*(-3 - 6756/(-24))?
3
Suppose -1000 = -5*s - 5*n + 5, s = -2*n + 205. Let k = s - 403. Let u = k + 388. What is the tens digit of u?
8
Let y = -69530 - -120775. What is the tens digit of y?
4
Let b(u) = 33*u**2 - 9*u + 12. Let x be b(5). Let g = x - 397. Suppose g + 169 = 2*w. What is the tens digit of w?
8
Let f(c) = -c**3 + 21*c**2 + 22*c - 485. What is the units digit of f(17)?
5
Let x be (-35)/(-4 + -1) - -821. What is the tens digit of (-9488)/(-9) - (-10 - x/(-81))?
5
Suppose m + 5 = 27. Suppose -1776 = 19*d - m*d. What is the tens digit of d?
9
Let n(u) be the first derivative of u**3 - 4*u**2 + 17*u - 73. What is the tens digit of n(9)?
8
Suppose -2*g - 255 = 3*g. Let x = 40 + g. Let p(h) = h**2 + 9*h - 10. What is the units digit of p(x)?
2
Suppose -405*y + 488*y = 1043974. What is the thousands digit of y?
2
Let r(o) = -o**3 - 24*o**2 - 75*o + 220. What is the units digit of r(-40)?
0
Suppose 3*q = -2*i + 1068, 0 = 121*q - 120*q - 3*i - 334. Let m = 0 - -2. Suppose v - 4*a - 184 = a, m*v - 2*a - q = 0. What is the units digit of v?
4
Suppose -3*q + 18 = n, -12 = 4*q - 6*q + 4*n. Suppose 4*i - 3*x - 2046 = 0, -5*x + 2030 = -2*i + q*i. What is the tens digit of i?
1
What is the units digit of 189296/6*(-36)/(-24)?
4
Let l(q) = 4*q - 10 - 6*q**2 + 10*q**2 - 5. Let g be l(-13). What is the units digit of (-1)/(-4) + 3/(36/g)?
1
Let r = -4265 - -11382. What is the hundreds digit of r?
1
Let y = -172 - -130. What is the units digit of -50*(-8)/6*y/(-7)?
0
Let b = 19290 - 4457. What is the hundreds digit of b?
8
What is the hundreds digit of (-6)/8 + 10 + (-293175)/(-100)?
9
Let j = -4702 - -8974. Suppose 0 = 11*z - 4275 - j. What is the tens digit of z?
7
Suppose -2*i + 4 + 1 = q, 3*i + 2*q = 7. Suppose 5*t = -4*o + 1110, -2*t + 368 + 99 = -i*o. What is the tens digit of t?
2
Suppose 0 = -3*y + 2*y - 1. Let j be (0 - y - 4) + 98. Suppose -3*c - 5*q = -0*c - j, -5*q + 65 = 2*c. What is the units digit of c?
0
Let j = 868 - -1229. What is the thousands digit of j?
2
Let n = 14038 - 7093. What is the tens digit of n?
4
Let k = -40 + 46. Let v(u) = 6*u**2 - 6*u - 11. Let n be v(k). Suppose 191 = 3*m - n. What is the tens digit of m?
2
Suppose -7*c + 2*c + 3520 = 0. Suppose 2*m = -2*m - c. What is the units digit of (m/(-12))/2 + (-4)/(-6)?
8
Let u(d) = -d**2 - 3*d - 3. Let w be u(-5). Let f = -10 - w. Suppose f*b - 344 = -5*b. What is the tens digit of b?
4
Suppose -9*j + 22257 + 7272 = 0. Let w = j + -1243. What is the units digit of w?
8
Let l = 23 - 20. What is the units digit of ((-5728)/3)/(-4) - l/9?
7
Let a(d) = -35*d**2 - 9*d - 13. Let y be a(-5). Let z = 1638 + y. What is the hundreds digit of z?
7
Let x(h) = -h**3 - 8*h**2 + 9*h + 5. Let u be x(-9). Suppose -3*i = 15, u*j + 5*i - 1520 = 10*i. What is the units digit of j?
9
What is the units digit of (-130407)/(-5) - (-44)/110*(-4)/4?
1
Let m(q) = -7323*q - 1245. What is the units digit of m(-8)?
9
Let a = 4029 + -730. Suppose -11*z + 4566 + a = 0. What is the units digit of z?
5
Let d be (-4 - 2)/(-18) + 1/(-3). Suppose d = -26*o + 21*o + 1035. What is the hundreds digit of o?
2
Let d(v) = -133*v - 287. What is the tens digit of d(-36)?
0
Let y(z) = -198*z + 43. Let t be y(-1). Let u = t + -171. What is the units digit of u?
0
Let z = -389 - -411. Suppose z*w = 44*w - 9614. What is the units digit of w?
7
Let d be (126/(-70))/((-17)/(-10) - 2). Suppose -f + d*f - 6637 = -2*x, -5*f + x = -6634. What is the tens digit of f?
2
Let g(n) = -1100*n - 313. What is the units digit of g(-6)?
7
Suppose 672 = 23*t - 17*t. What is the units digit of (122/(-8))/((-4)/t)?
7
Suppose -143*z + 4438 = -136*z. Let f = z - 415. What is the units digit of f?
9
Let n(h) = 19*h - 6*h + 14*h + 18*h - 21. What is the hundreds digit of n(10)?
4
Let v(c) = -4*c**3 - 2*c**2 + 3*c - 3. Let b be v(-2). Suppose n - 11824 = -b*n. What is the hundreds digit of n?
7
Let u be 1/(-10 - 396/(-40)). Let o(z) = z + 1. Let k(h) = -h**2 - 17*h + 12. Let p(f) = k(f) + 2*o(f). What is the units digit of p(u)?
4
Let a be (-1)/(-1)*(-7)/(-21)*6. Suppose 450 = -2*g - 4*j, 445 = -0*g - a*g + j. Let i = 375 + g. What is the units digit of i?
2
Let q(g) = 0*g**3 + 33 - 52 - 12*g**2 + 40 - 18*g - g**3. Let l be q(-10). Suppose n - l - 23 = 0. What is the units digit of n?
4
Let w(y) = -75*y**3 + 12*y**2 - 8*y - 80. What is the tens digit of w(-5)?
3
What is the tens digit of (-8 - -3) + 7 - (-2754 + -6)?
6
Let n(h) = -h**2 + 3*h - 8. Let p be n(-10). Let k = p - -94. What is the units digit of 8/(2 - k/(-23))?
2
Let t(q) = 3*q**2 + 22*q - 12. Let u(m) = -m**2 - 7*m + 4. Let o(g) = 2*t(g) + 7*u(g). Let d be o(-5). What is the units digit of (-1)/(1 - d/2) + 48?
9
Suppose 4*t - 7*t + 4*j = -66, 110 = 5*t - 2*j. Suppose c + 2*b + 1 = -3, 5*c - t = 4*b. Suppose -242 = -0*i - c*i. What is the tens digit of i?
2
Let d = 1932 - -3945. What is the tens digit of d?
7
Suppose 2*v + 2*g - 3*g + 7 = 0, -4*v - 2*g = 18. Let l be 6/(21/((-56)/(-8))). What is the tens digit of (l + 112/v)*45/(-6)?
9
What is the units digit of 5368*6/48*7?
7
Suppose 0 = 2*l + r - 328, -3*l = 3*r - 29 - 460. Let m = 68 + l. Let a = -101 + m. What is the units digit of a?
2
Suppose -22*k = -19*k + 2*z - 175181, -k - 3*z = -58410. What is the ten thousands digit of k?
5
Let v(d) = 377*d - 12303. What is the units digit of v(101)?
4
Let a be 1 - (1 - ((0 - 2) + 0)). Let d be 84/(-3) + (a - 1). Let g = 46 + d. What is the tens digit of g?
1
Let v(g) be the first derivative of -g**3/3 - 10*g**2 + 21*g + 10. Let n be 1/(66/12) - (-156)/(-11). What is the hundreds digit of v(n)?
1
Suppose -5*z + 2*w = -z - 24, 5*z = -4*w + 56. Suppose 4*s + 2*t = -0*s + 2264, z = -2*t. What is the tens digit of s?
6
Let u = -930 - -1699. Suppose -4 = k - 4*m - 275, u = 3*k - m. What is the hundreds digit of k?
2
Let v(r) = -252*r + 580. What is the units digit of v(-11)?
2
Let r(y) = -10*y + 17. Let u(g) = -11*g + 18. Let s(a) = -3*r(a) + 2*u(a). Let d be s(10). Let l = 107 - d. What is the tens digit of l?
4
Suppose -10 = -3*w + 77. Suppose -3*c + 13 = -v, 2*v + 3*c + 2*c = w. Suppose -v*o + 4*y = o - 334, -5*y = 5*o - 545. What is the units digit of o?
0
Suppose -254*o - 4*k + 47352 = -250*o, o = k + 11832. What is the tens digit of o?
3
Suppose -49*i - 9316 = -51*i - 3*g, 2*g + 13948 = 3*i. What is the tens digit of i?
5
Let v = -1024 - -5478. Suppose 886 = 5*z - v. What is the tens digit of z?
6
Let t(q) = q**3 + 8*q**2 - 23*q - 21. Let o be t(-10). Let h(r) = 3*r**3 - 25*r**2 - 5*r - 2. What is the units digit of h(o)?
5
Suppose 46820 = 16*f + 5*f - 11*f. What is the units digit of f?
2
Suppose 36 = 13*q - 4*q. Suppose 0 = -q*m - 56 + 376. Suppose -m + 760 = 4*f. What is the hundreds digit of f?
1
What is the hundreds digit of 385095/9 - (21*2/18 - 2)?
7
Let m be 4 - (355 + -2*(4 - 3)). Let j = -101 - m. What is the hundreds digit of j?
2
Suppose 4*b + t - 29 = 0, -b + 6*t - 2*t = 14. Let l(v) be the first derivative of v**3 - 17*v**2/2 - 2*v + 463. What is the units digit of l(b)?
4
Suppose 4*r - 8*r - 2*t + 2422 = 0, -1806 = -3*r - 5*t. Suppose b - r = 329. What is the tens digit of b?
3
Let y(m) = -m**2 + m - 64. Let i be y(0). Let b(j) = -8*j + 331. Let c be b(20). Let p = c + i. What is the units digit of p?
7
Suppose -16 = 4*h, 7*x - 68 = 3*x - h. Suppose -x*w + 3*w = -225. What is the tens digit of w?
1
Suppose -u + 40 = 3*a, -80 = -5*a - 3*u - 16. Let l = a - 19. What is the units digit of 1*(-15 + 2)*l?
5
Let o be (0*(4/8)/1)/(-2). Suppose o*a + 4*a + w = 1271, 635 = 2*a + w. What is the hundreds digit of a?
3
Suppose y + 50 - 566 = -3*o, 5*y = -2*o + 2645. Suppose -4*h + y = n, 2*h - 376 + 123 = -3*n. What is the hundreds digit of h?
1
Suppose -q = 4*c + 176 - 491, c - q = 85. Let f = 79 - c. Let m = 49 - f. What is the tens di